Let c = 14 + -823. Let z = 1330 + c. Is z a prime number?
True
Suppose 1 = o, -5*o + 8 = -2*d + 3*d. Let j be 5*(-2)/(-30) - (-5)/d. Suppose 2*m = -4*g + 5*g + 265, 0 = -3*m + j*g + 399. Is m a prime number?
True
Let u = -7457 - -33441. Suppose u = o - 8*o. Is 10/(-50) - o/10 a prime number?
False
Let o(d) be the second derivative of 15*d**3/2 + 97*d**2/2 - 49*d. Is o(22) a prime number?
True
Suppose 4570 = -15*a + 10*a. Let n be 8/(-28) - a/14. Let x = 1916 - n. Is x a composite number?
True
Suppose -4*i = 3*p - p, -2*p - 16 = -4*i. Let h be (11/44)/(i/24). Suppose 0 = -w + u + 747, -3*u - 2233 = -h*w + 2*u. Is w a prime number?
True
Is (-6)/(-4)*(12 + 694420/30) composite?
False
Let l(o) be the third derivative of o**6/120 - 2*o**5/5 - 3*o**4/4 - 35*o**3/3 - 62*o**2. Is l(29) a composite number?
False
Let z(j) = 398*j**3 - 16*j**2 - 7*j + 292. Is z(11) prime?
False
Let d(t) = t**2 - 10*t + 14. Let s be d(7). Let y(k) = -5*k - 30. Let z be y(s). Is 2/(-13) - -74739*z/65 a prime number?
True
Let x(d) = 32*d**2 + 3*d - 37. Suppose 0 = -5*z + 5*g + 90, 0 = 3*z - 0*z - g - 64. Let r(s) = s - 31. Let h be r(z). Is x(h) composite?
False
Suppose -3*y + 8*y = 0. Let c be (-9)/(-3 + y) - (-72 - 0). Suppose 0 = -p - 4*l + 471, -p - l = c - 531. Is p a composite number?
True
Suppose -4*z + 757645 = -4*z + 7*z. Is z prime?
False
Let h = -78361 + 334830. Is h prime?
True
Suppose 51*i - 124 = -22. Suppose i*r - 2207 = 2255. Is r composite?
True
Suppose k + 3*d = -26, -2*k - k = 4*d + 98. Let o be 118883/k*(-4)/2. Suppose -5*a + o = 2*v - 0*v, 0 = 5*a - 5*v - 6285. Is a prime?
False
Suppose -54*n + 11358653 + 28736509 = 0. Is n a prime number?
False
Suppose -4*k - 6 + 18 = 2*l, -2*k + 12 = 2*l. Suppose -16*j + 50 = -l*j. Suppose 0 = -5*d - j*t + 2*t + 1892, 0 = 5*t + 5. Is d a prime number?
True
Let l(x) = -5*x**3 + 17*x**2 + 17*x + 21. Let j be l(15). Let m be j/10 - (-38)/95. Is m/(-2 + -1 + 2) a composite number?
False
Let j = -1764 - -2565. Suppose -17*o + 5068 = j. Is o a prime number?
True
Let v(n) = 39*n + 2156. Is v(-23) prime?
True
Suppose 0 = -29*o + 61339 - 8298. Let h = o - 120. Is h prime?
True
Is 235/141 + (-593768)/(-6) a prime number?
True
Suppose -12*m - 79 = -691. Is 22/187 - (-53187)/m prime?
False
Let z be (-2944)/(-224) + (-2)/14. Let y(a) be the second derivative of 167*a**3/6 - 2*a**2 + 4*a. Is y(z) composite?
True
Let c(d) = 1482*d**2 + 130*d - 1. Is c(-6) composite?
False
Let z(j) = -4*j**2 - 3*j**3 - 173 + 206 - 5*j**2 - 10*j. Is z(-7) a prime number?
True
Let c = -12490 + 171669. Is c prime?
True
Suppose -3*q - q + 4 = 0, -4*u + 25 = 5*q. Suppose -6*y = -u*y + 2*y. Suppose 7*p - 6*p - 97 = y. Is p composite?
False
Let y = 34 + -30. Suppose -y*n + 4 = i, -4 = i - 2*i + 2*n. Suppose 2*k = c + 6*k - 659, 0 = -2*k - i. Is c a prime number?
False
Suppose -3*n + 25*h + 1089738 = 28*h, -n - 4*h + 363249 = 0. Is n composite?
True
Let h(f) = -f + 1. Let b(t) = t**3 + 10*t**2 + 1. Let m be b(-10). Let n(s) = -s + 2025. Let l(w) = m*n(w) - 4*h(w). Is l(0) prime?
False
Suppose -104 = 9*i - i. Let f be (-87)/(-6)*i*2. Let n = f + 554. Is n a prime number?
False
Let y(k) = -1543*k**3 - 6*k**2 - 22*k - 15. Is y(-4) prime?
True
Suppose 12*o + 228143 = 30119. Is -2 + -4 + (-3 - o) composite?
False
Let j = -15 - -38. Let u(z) = 2*z**3 - 28*z**2 + z - 18. Is u(j) a composite number?
True
Suppose h = 2*p + 37, h - 30 = 5*p - 5. Is (-4066)/(-5) - (-81)/h prime?
False
Let j be -1 + (6 - 4) + 121. Suppose 131*s - 1791 = j*s. Is s composite?
False
Is (-443784)/(-9) - (((-91)/7)/(-13))/3 composite?
True
Is (-27524 - -6 - -9)/((-3)/1 + 2) prime?
True
Suppose 4*u + 16 = -4*l, 17 = -3*u - 4*l - 0*l. Let t be (2722 - u)/(4 + (-30)/8). Suppose j - 5*j - t = -4*q, 0 = 3*q + 2*j - 8153. Is q prime?
True
Let d = -195 + 114. Let m = d - -73. Is m/2 + 262/2 prime?
True
Suppose 2 = 6*x + 14. Let p(z) = z**2 - z - 4. Let a be p(x). Suppose -a*v + 1686 = v. Is v prime?
False
Let j = 177772 + -112607. Is j a composite number?
True
Let n be (-3)/6*(2 + -6). Let x be 3 + -6 - (-962)/n. Let q = 364 + x. Is q prime?
False
Let o(i) = -i**3 - 3*i**2 + i + 10. Let k be o(-9). Suppose 2*j + 173 = -k. Let y = j - -577. Is y prime?
False
Let u = 23 - 31. Let b(x) be the third derivative of -19*x**4/8 - 41*x**3/6 + 43*x**2 - x. Is b(u) a composite number?
True
Is (1/8 + 42/(-16))/((-5)/2153834) prime?
True
Let w = 26548 + -15717. Is w prime?
True
Let f(p) = 11*p - 15. Let j(i) = 18*i**2 - 4*i + 3. Let g be j(1). Let d be f(g). Suppose -3*c = x - d, -4*c = -8*c + 3*x + 238. Is c a prime number?
False
Suppose -6*d + 8*d + 446 = 0. Let s = -25 - d. Suppose -4*a = -c + 779, -2*c + 1370 = -3*a - s. Is c a prime number?
True
Is (1 + 103768)*(7 + 3 + -9) composite?
False
Let a be (-10)/(-15) + (-33523)/(-21). Suppose -991 - a = -4*z. Is z prime?
True
Let g = 13453 - 7057. Let p = 8975 - g. Is p prime?
True
Let t be 3 + (-1)/(4*3/36). Suppose -v + 4*s = -19, t = -v - s - 4*s - 17. Suppose -v*h = -3*q - 1398, 4*h = h - q + 1418. Is h prime?
False
Let r = 85487 + -58098. Is r composite?
True
Suppose -31*t + 1673371 = y - 35*t, -y + t + 1673398 = 0. Is y composite?
False
Suppose -129 = 2*i - 3*n, 4*i + 0*i - 2*n + 246 = 0. Let j be ((-453)/(-2))/((-45)/i). Suppose -5*u = 3*d - 463, 0*d = 2*d + 5*u - j. Is d composite?
True
Let g be (-10)/35 + (-130)/35. Is (-3137)/g*(-60)/(-15) a prime number?
True
Let g = 105700 - -101349. Is g a prime number?
False
Let i(o) = o**3 - 9*o**2 - 3*o + 11. Let t be i(10). Let x = t + -77. Let r(d) = 1188*d - 1. Is r(x) a composite number?
False
Is (0 + -1*2/(-6))*382326/14 composite?
False
Let l = -1106 - -3687. Suppose n - l = x, 0 = -15*n + 10*n + 3*x + 12901. Is n a prime number?
True
Let g be -4 + 30/3 + 3661. Suppose 5*a - 4*q = -0*q + g, 1453 = 2*a + 3*q. Is a prime?
False
Suppose -40*i - 286791 - 174569 = 0. Let f = i + 20097. Is f a composite number?
False
Is ((6/4)/(-3))/(116/(-40953452))*2 prime?
True
Let k be (-622 - -7)*8/(-12). Suppose 543 = 413*d - k*d. Is d a composite number?
False
Let o(u) = u**3 + u - 2. Let m be o(0). Is m/2 - (-21 + -15363) a composite number?
False
Suppose j = 6*j - 5*h - 20, -4*j = 2*h - 16. Suppose 21*l - 64348 = 17*l + j*g, l - 16087 = -4*g. Is l a composite number?
False
Suppose n = 2*k - 16, 2*k - n = 3*k - 14. Let d be (1 + (-18)/k)*(1 - 6). Suppose r = -d, p = r - 0*r + 461. Is p a prime number?
True
Suppose 16*j = 1222984 + 1795992. Is j prime?
False
Let u(g) = 21*g**3 - 51*g**2 - 53*g + 406. Is u(25) a prime number?
False
Let s(g) = 0*g**3 + 3*g**3 + 1 - 3 + 7*g - g**2. Suppose -2*z + 28 = 2*z. Is s(z) a prime number?
False
Is ((-2870)/28 + 24)/(2/(-124)) prime?
False
Suppose -60*y = -37*y - 246767. Is y a composite number?
False
Suppose -13*n + 511 - 43 = 0. Suppose n*g = 42*g - 73806. Is g composite?
False
Suppose -4*v = -34 + 14. Suppose -v*o + 3*n = -7933, 0 = -3*o + 2*n + 2281 + 2478. Is o composite?
True
Suppose -11*c + 144 = -5*c. Let r be 6/c + 9/(-12)*255. Let o = 1070 + r. Is o prime?
False
Let k = -48 - -48. Suppose k = l - 1067 + 126. Is l prime?
True
Suppose -398*g = -394*g - 5*k - 1258814, -g - 3*k = -314729. Is g a composite number?
False
Let x = 132 - 185. Let a = -60 - x. Let t(j) = 5*j**2 + 4*j + 6. Is t(a) a composite number?
False
Let a be (495/6)/(-11)*(-2)/3. Suppose a = -q + 3. Let r(j) = -334*j**3 - 4*j**2 + 2*j + 1. Is r(q) prime?
False
Suppose -g + 135638 = g. Is g a prime number?
True
Let o = 79484 + -56067. Is o a composite number?
False
Let n = 30346 + -21231. Is n a composite number?
True
Suppose -8*u - 7*u = -36*u + 2109387. Is u composite?
False
Suppose 114*j - 490431 = 10*j + 336265. Is j prime?
True
Let k be (-13332)/(-16) - 2/8. Let j(h) = h**3 + 25*h**2 + 6*h - 24. Let w be j(-24). Let c = k + w. Is c a composite number?
True
Is (-4)/(-10)*(-156)/(-18)*(-2709765)/(-12) composite?
True
Let v = 44 + -44. Let p be -2 - v - (10 + -14). Is (4327/10 - 3/15)*p a prime number?
False
Let f(c) = 11*c**2 - 61*c - 21. Let v be f(-37). Let h = v - 8742. Is h composite?
True
Let k = -34 + 37. Let p(b) = 37*b**2 - 20*b + 20. Let z(j) = 25*j**2 - 13*j + 13. Let h(g) = -5*p(g) + 8*z(g). Is h(k) a composite number?
False
Suppose -265 = 286*q - 281*q. Let n = 3304 + q. Is n composite?
False
I